) = -5*v(h) + 2*x(h). Let y = 17 + -39. Let l = y - -18. What is o(l)?
16
Let h(k) be the second derivative of 1/12*k**4 + 2*k**2 + 0 - 1/6*k**3 - 25*k. Calculate h(3).
10
Let k(f) = 12*f + 10 - 20*f + 73*f**2 - 71*f**2. Calculate k(4).
10
Let y(o) = -o - 4. Let i(z) = z - 9. Let w be i(-3). Let u be 3/9*w/(-8)*-4. Determine y(u).
-2
Let o(x) be the third derivative of -x**5/60 - 2*x**4/3 - 7*x**3/2 - 384*x**2 - 1. What is o(-14)?
7
Let i(n) = -4*n - 2. Let y be 91 - 90 - (0 + 4 - 0). Give i(y).
10
Let y(u) be the second derivative of -u**4/12 - 3*u**3/2 - 3*u**2 - 133*u. What is y(-6)?
12
Let n(r) = r**2 - 9*r + 10. Let q be (-84)/(-15) - ((-54)/10)/(-9). Determine n(q).
-10
Let z(s) = -9*s + 47. Let c(o) = -3*o + 16. Let a(y) = -17*c(y) + 6*z(y). What is a(4)?
-2
Suppose 4*a = 3*s + 11, 0*a + 13 = 4*a - 5*s. Let c(d) be the first derivative of -3 + 1/2*d**a + d. Determine c(-2).
-1
Let p(j) = 1. Let h(c) = c**3 - 5*c**2 - 6*c - 9. Let r(g) = -h(g) - p(g). Suppose -71*b + 36 = -65*b. What is r(b)?
8
Let l = 3 + -11. Let r(g) = g**2 + g - 12. Let y(o) = 2*o**2 + 3*o - 23. Let k(c) = -11*r(c) + 6*y(c). Determine k(l).
2
Let v(s) be the second derivative of s**5/20 + 7*s**4/12 + s**2 + 99*s. Calculate v(-7).
2
Let g(x) = -4*x - x + 2*x - 270 + 265 - 5*x. What is g(-4)?
27
Let n(u) be the second derivative of u**5/20 - 2*u**4/3 + u**3/6 + 3*u**2 + 729*u. What is n(4)?
-54
Let q(v) = -2*v**2 + 1. Let h(d) = 7*d**2 - 5*d - 11. Let r(a) = h(a) + 3*q(a). What is r(7)?
6
Let z(c) = -3 + 20*c + 0 + 28*c - 39*c. Give z(3).
24
Let r(n) = -n**2 - 22 + 10 + 12 + 16 + 4*n + 0*n**2. What is r(6)?
4
Let i(q) = -2*q + 1. Let s = -29 - 28. Let u = 60 + s. What is i(u)?
-5
Let h(s) = 2*s**3 - 19*s**2 + 1. Let g(p) = -3*p**3 + 21*p**2. Let w(y) = 3*g(y) + 4*h(y). What is w(-13)?
4
Let z(a) be the second derivative of -2 - 2*a + 0*a**2 - 1/6*a**3. Suppose 3 - 28 = 5*d. Give z(d).
5
Let n be (118/4)/(((-14)/8)/(-7)). Let x(h) = -246*h**2 + 127*h**2 + n*h**2. Give x(1).
-1
Let d(h) = h**2 - 4*h + 6. Let z be (3/2)/(3/8). Let w be d(z). Let c(a) be the second derivative of -a**4/12 + 2*a**3/3 + 7*a**2/2 + 4*a. What is c(w)?
-5
Let k(f) be the third derivative of -f**8/2240 + f**7/840 - f**6/240 + f**5/60 - 41*f**4/24 + 15*f**2 + 2. Let u(n) be the second derivative of k(n). Give u(2).
-16
Suppose 8*d = -20 - 12. Let a(b) = -2*b - 8. What is a(d)?
0
Let a(s) = -11*s**3 + s**2 + 3*s - 1. Let o(q) = q**3 + q. Let r(n) = -n**2 - n + 1. Let j be r(0). Let v(z) = j*a(z) - 4*o(z). What is v(-1)?
16
Let u(h) = 7*h**2 + 6*h**2 - 16*h**2 + 2*h**2 + 5*h - 6. Give u(5).
-6
Let h(p) = -p**3 - p**2 - 2*p + 3. Let t(w) = -w + 2. Let a(k) = -h(k) + 2*t(k). Determine a(-3).
-17
Let o = 4 - 7. Let w(x) be the first derivative of -x**3/3 + x**2/2 + x - 520. Give w(o).
-11
Let c(l) be the second derivative of l**5/120 - l**4/4 + 5*l**3/6 + 2*l**2 - 2*l - 2. Let b(v) be the second derivative of c(v). What is b(6)?
0
Let t(v) = -v**3 + 3*v**2 - 2*v + 1. Suppose -20 = -5*p + 10. Let z be -2 + (p + -3)*-6. Let d be 24/z*(-10)/4. Give t(d).
-5
Let s(w) = 7*w**2 - 6*w - 6. Let j(v) = -v - 14. Let b be j(-9). Let z(a) = -8*a**2 + 7*a + 7. Let m(q) = b*z(q) - 6*s(q). Calculate m(-1).
-2
Let s(x) = -16*x + 42*x + 27 + 46*x. Let f(c) = -13*c - 5. Let v(l) = 27*f(l) + 5*s(l). Let m(u) = -u**3 + u**2 - u - 2. Let y be m(-1). What is v(y)?
9
Let m = 6 + -1. Suppose -p = -2*n + 2 + 8, 5*n + 3*p = 36. Suppose 3*x - n = 0, m*f + 0*x = -x - 23. Let a(l) = l + 1. What is a(f)?
-4
Let y(h) = h**3 - 4*h**2 + 5*h - 3. Let c be (-8)/(-32)*12*1. Give y(c).
3
Suppose 24 = 5*w - 3*o - 46, -4*w = -5*o - 56. Let d(x) = -14 + w + 4*x. Let m be d(1). Let p(j) = j - 9. Give p(m).
-5
Let u(w) = -w + 4*w**2 - 3*w**2 - 10 + 1. Let r(f) = 2*f + 10. Let i be 2/(4*4/(-40)). Let g be r(i). What is u(g)?
-9
Let c(z) be the third derivative of z**5/60 - 17*z**4/24 + 31*z**3/6 + 473*z**2. Calculate c(14).
-11
Let c(d) be the first derivative of 0*d - 1/24*d**4 + 7 - 1/3*d**3 + 5/2*d**2. Let n(a) be the second derivative of c(a). Calculate n(5).
-7
Suppose -14 - 3 = 3*p + 4*c, -5*p - 40 = -5*c. Let a(y) = -y - 16. Let u(k) = -3*k - 47. Let i(o) = -8*a(o) + 3*u(o). Determine i(p).
-6
Let k(y) = 4*y + 39. Let s(o) = 6*o + 60. Let u(b) = -8*k(b) + 5*s(b). Determine u(-14).
16
Let v(k) be the third derivative of 0 - 38*k**2 + 0*k + 1/120*k**6 + 1/2*k**3 + 1/10*k**5 + 0*k**4. What is v(-6)?
3
Suppose -79 = -0*m - m. Suppose -h + 4*d = -4*h + m, 5*h - 120 = 5*d. Let q = h + -20. Let n(g) = -g**2 + 6*g - 1. Calculate n(q).
4
Let m be 9/6 - (-3)/(-6). Let q(x) = -1. Let a(j) = -j - 1. Let z(k) = a(k) - 3*q(k). Determine z(m).
1
Let k(m) = -2*m**2 + 1 + 2 + 3*m**2 + 6*m. Let p = 4 - 9. Let a be (2 + -1)/(p/30). What is k(a)?
3
Let l(r) = -r - 2. Let j = -11 - -15. Let p(s) be the second derivative of s**3/6 - 5*s**2/2 + 12*s. Let c be p(j). Give l(c).
-1
Let j(u) = 6*u**2 - 9*u + 15. Let y(t) = -9*t**2 + 14*t - 22. Let w(x) = -7*j(x) - 5*y(x). Determine w(4).
25
Let q(k) be the second derivative of -k**5/20 + k**4/3 + 3*k**3/2 - 6*k**2 + 3*k. Let l be q(5). Let f(v) = 2 + l - 1 + v + 2. Calculate f(0).
11
Suppose -47*j = -54*j - 119. Let f = j + 15. Let a(u) be the third derivative of -u**5/60 - u**4/12 + u**3/6 - u**2. Calculate a(f).
1
Let f(m) = m**3 + 6*m**2 + 8*m. Let o be f(-3). Let g(k) = 15*k - 4. What is g(o)?
41
Let j(c) = 4*c - 13. Let x(r) = -3*r + 11. Let i(q) = -2*j(q) - 3*x(q). Determine i(2).
-5
Let q(z) = 0*z**2 + z**2 - 139 + 3*z + 140. Let f be q(-4). Let o(t) = 4*t + 6 - 4*t - 2*t. Give o(f).
-4
Let f be ((-10)/35)/(11/308). Let g(h) = h**3 + 8*h**2 + h - 8. Determine g(f).
-16
Let b(g) = 7*g**2 - g + 1. Let m be b(1). Let j be 2/m + 171/63. Suppose -i + o = 0, 2*i - j*i + 2*o = 5. Let s(a) = -a. Calculate s(i).
-5
Let k(a) = 4*a + 25. Suppose -198 = 14*i - 30. Give k(i).
-23
Let n be ((-8)/10)/((-46)/(-460)). Let q(c) = -5*c + 14. Let r(z) = -3*z + 7. Let d(b) = 6*q(b) - 11*r(b). Determine d(n).
-17
Let r(w) = 4*w - 7*w**2 + 25*w**2 - w**3 - 15*w**2 - 3 + 1. What is r(3)?
10
Suppose 2*o = 3*x - 3*o + 20, x + 5*o - 20 = 0. Let d(y) = 5*y**2 + 7*y - 21. Let s(h) = -h**2 - h + 3. Let c(q) = d(q) + 6*s(q). Give c(x).
-3
Let p(o) = -o**2 - 2*o - 2. Let d be p(-2). Let k(r) be the third derivative of -r**5/30 - r**4/24 - r**3/3 - 81*r**2. Calculate k(d).
-8
Let k = 1 + 7. Suppose 2*o - 10*o = 0. Suppose k*n + 3*y = 3*n, y = o. Let b(h) = -h**3 - h**2 + h + 1. Determine b(n).
1
Let v(o) be the third derivative of -o**5/60 + 7*o**4/24 - o**3 + 10*o**2 - 3. Let s be (-36)/(-5) + (-1)/5. What is v(s)?
-6
Suppose -4*w + 0*p + 7 = -p, -4*p = 4*w - 12. Suppose 8*j + 24 = 3*j + w*o, o = 2. Let n(a) = 7*a**2 - 11*a**2 + 2 - a**2 + 6*a + 6*a**2. Calculate n(j).
-6
Let x(k) = -k**2 - k + 36. Let r be x(5). Let f(i) = -7*i + 0 + 2*i**2 - 8 - i**2. Give f(r).
-14
Suppose 3*k - 10 = -1. Let j(q) be the second derivative of 0 + 5*q - 1/6*q**3 + 1/12*q**4 - 3/2*q**2. What is j(k)?
3
Suppose 0 = -2*h - o - 4, -2*h + 4*o = 24 - 30. Let q(l) = -l**2 + 2*l**2 - 5 + 4 - 2*l. Calculate q(h).
2
Let k(b) = 5*b + 9. Let f be (-25)/(-7) - 11/((-154)/6). Let x = -3 - f. Calculate k(x).
-26
Let r be 2/(3 - (-21)/(-6)). Let p(w) = -5*w - 9. Let m(o) = o. Let d(g) = r*m(g) - p(g). Determine d(-7).
2
Suppose -14 = -26*j + 24*j. Let z(q) = -q**3 + 5 + j*q**2 - 8*q + 1 + 3. What is z(6)?
-3
Let n(j) be the third derivative of j**6/120 + 7*j**5/60 - j**4/24 - j**3/2 + 26*j**2. Let k be -6*12/18 - 3. Give n(k).
4
Suppose -4*n - 3*n + 84 = 0. Suppose k - 1 = 0, 0*f + n = 2*f + 2*k. Let u(a) = -a**3 + 6*a**2 - 3*a - 6. Determine u(f).
4
Let j be (3 - 5)/1*(-2)/4. Let y(h) = -3*h + 1. Give y(j).
-2
Let h(t) be the first derivative of t**4/4 - 20*t**3/3 + 10*t**2 - 2*t - 299. Determine h(19).
17
Suppose -2*a - 34 = -2*r, -2*a + 7 = 5*r + 6. Let o be 1*-7*(-2)/2. Let n = a + o. Let m(d) = -d**2 - 6*d + 6. What is m(n)?
11
Let j(g) = 13*g**2 + 0 + 7 + 14 - g**3 - 11. What is j(13)?
10
Let m(k) = k - 3. Suppose 8*z - 11*z + 30 = 0. Let f = z - 7. What is m(f)?
0
Let f(i) = 13*i + 3 - 16*i - i**2 - 3*i**2 + 2*i**2. Suppose 4*m + 4 = 3*m, 5*l = -m + 6. Calculate f(l).
-11
Let q(n) be the first derivative of 17/2*n**2 + 0*n + 14. Give q(2).
34
Let v(p) = -5*p 